81).
2, 5
Let i = 1346 + -913. What are the prime factors of i?
433
Suppose -c - 81 = -0*c. Let v = -332 + 472. Let h = v + c. List the prime factors of h.
59
Let v(j) = -9*j + 198. What are the prime factors of v(-25)?
3, 47
List the prime factors of 2/((-40)/(-5)) + 41031/36.
2, 3, 5, 19
Let x be 0/(-4) + 1 - -1. Suppose 0 = 3*t + 5*h - 166, -3*h = x*t - 0*t - 111. What are the prime factors of t?
3, 19
Let u = -32 - -36. Let o(v) = 5*v**2 - 7*v + 8. Let h be o(u). Suppose 0 = -2*z - 2*z + h. What are the prime factors of z?
3, 5
Suppose 0 = -8*r + 1255 + 1657. What are the prime factors of r?
2, 7, 13
Let v(u) = -2*u**3 + 26*u**2 - u + 2. List the prime factors of v(11).
5, 19
Let y(h) = h**2 - 2*h + 1. Let u be y(3). Suppose u*f - 15*f = -231. List the prime factors of f.
3, 7
Let j be (-8)/(-14) - 54/21. Let x = 5 + j. Suppose -2*w = -x*w + 28. What are the prime factors of w?
2, 7
What are the prime factors of 21 + 40469/26 - 6/(-4)?
1579
Let f(i) = -8*i**2 - 7*i + 0 - i**3 + 12 + 0*i**3. List the prime factors of f(-9).
2, 3, 13
Let n = 5110 - 3553. What are the prime factors of n?
3, 173
Suppose 0 = -l + 3*r + 1951, -3*l = -3*r - 3339 - 2520. List the prime factors of l.
2, 977
Let n = 18 - 10. Let h(b) = -b + 4. Let q be h(n). Let d(s) = -2*s + 1. What are the prime factors of d(q)?
3
Suppose -2851 = -3*p - 4*y, 0 = -2*p + 7*y - 6*y + 1897. List the prime factors of p.
13, 73
Let q be ((-25)/(-2))/((-3 - -2)/(-2)). Suppose -q = -a + 3. What are the prime factors of a?
2, 7
Suppose -3*w + 313 = 307. Suppose 0*q = -w*q + 52. List the prime factors of q.
2, 13
Let h be 472/(-12) - 3/(-9). Let v = h - -63. Suppose 5*m - 31 = -4*j + v, 2*j = m + 3. What are the prime factors of m?
7
Let n(b) = 8*b + 5. Let u be n(4). Suppose u = i - 2*r - 88, 3*r = i - 126. List the prime factors of i.
3, 41
Let f = 26 + -26. Suppose 3*b - t = 289, 5*b + t + 2*t - 463 = f. List the prime factors of b.
5, 19
Suppose 0 = -4*s + 5 - 9. List the prime factors of -1 - (s + (-25)/1).
5
Let w be (4/6)/((-2)/(-12)). Let m = 0 - 0. Suppose -2*y - w*p = -3*y - 9, 4*y - 4*p - 24 = m. What are the prime factors of y?
11
Suppose 13376 = 4*c + 3*g, 4*g - 3355 = -c + 6*g. List the prime factors of c.
3347
What are the prime factors of (-1)/((-1)/246) + -55 + 55?
2, 3, 41
Let d(v) = 16*v + 56. Let r be d(10). List the prime factors of 3 + (-7)/((-28)/r).
3, 19
Let v be (-1 + -1)/2 + 3. Suppose v*l = 5*l + 6. What are the prime factors of 7*(l - (-3 - 0))?
7
Let v(b) = 4*b**2 + 9*b - 10. Let n(w) = 6*w**2 + 13*w - 14. Let p(g) = -5*n(g) + 8*v(g). Let l = 17 + -24. List the prime factors of p(l).
3, 13
Let p be -5 - -4 - (-50)/(3 + -1). Let z = 142 + -93. Let d = z - p. List the prime factors of d.
5
Suppose -28*s - 132 = -50*s. What are the prime factors of s?
2, 3
Suppose 0 = -a - 4*a - 2*o + 39, 9 = 2*a + 3*o. Suppose 21 - a = 3*b. What are the prime factors of 28*b*1/8?
2, 7
Suppose -12*w + 7631 = -12097. What are the prime factors of w?
2, 3, 137
Let y = 661 - 599. Let w = -4 + -22. Let r = w + y. List the prime factors of r.
2, 3
Let y be 33/(1 + (-8 + 4 - -4)). Suppose -u + x = -18 - y, 6 = -2*x. List the prime factors of u.
2, 3
Suppose 3*o - 2*o = -4*w - 19, 2*o + 8 = -2*w. Let i be w/15*(3 + -21). Suppose 377 = 5*m + 4*h - i*h, -221 = -3*m - 4*h. List the prime factors of m.
3, 5
Let z(v) = 2*v - 12. Let p(t) = t + 6. Let m be p(0). Let j be z(m). Suppose -2*i - 6 = j, -2*d + 5*i = 2*d - 47. List the prime factors of d.
2
Let c = -27 - -32. Suppose a = c, 4*g - 5*a = 8*g - 537. List the prime factors of g.
2
Suppose 0 = 3*u - 3*v + 15, -5*u = -u + 5*v + 56. Let b be (-4)/6*u/2. Suppose 5*r - 55 = -l - b*l, -2*r - 5*l = -22. List the prime factors of r.
11
Let z(x) = -3*x**2 - 8*x - 18. Let p(g) = 7*g**2 + 17*g + 36. Let d(n) = 4*p(n) + 9*z(n). List the prime factors of d(-6).
2, 3, 7
Suppose 0*l - 488 = 4*l + 5*i, l = -4*i - 111. Let h = 41 + l. Let m = -56 - h. List the prime factors of m.
2, 3, 5
Let g be (-7)/(-2) + 2/4. Suppose 5*z = 3*h + 46, z = g*h - 0 - 1. What are the prime factors of z?
11
Let q be 78/(-4)*28/(-21). Suppose 0*h - 5*d - q = 3*h, h + 11 = -4*d. Let t = 15 - h. List the prime factors of t.
2, 11
Let b(y) = -y**3 + 10*y**2 + 11*y + 25. Let k be b(11). Suppose 10*w - 5*w = k. List the prime factors of w.
5
Let q be 5/1*(-6 + 7). Let j = 11 + q. What are the prime factors of j?
2
Suppose 0*o - 186 = -6*o. Let t = o - 24. Suppose 4*g = t*g - 51. What are the prime factors of g?
17
Let c(m) = 6*m + 12 - m + 0*m + 4*m. Let l be c(5). Let f = l + -22. What are the prime factors of f?
5, 7
Suppose 0 = -0*s + 2*s - 72. Suppose r + r = s. What are the prime factors of r?
2, 3
Let a(l) = 35*l**3 - 2*l - 7. What are the prime factors of a(2)?
269
Suppose -4*a = -3*a - 554. List the prime factors of a.
2, 277
Suppose 6 = -2*y, 0 = -5*b - 2*y + y + 4372. Suppose -147*d + b = -142*d. List the prime factors of d.
5, 7
Suppose 130 = 3*y - 14. What are the prime factors of y?
2, 3
Let s = -21 + 28. Let a = 14 - s. What are the prime factors of 2/a + (-2779)/(-49)?
3, 19
Let g(a) = -a**2 + 13*a + 5. Let z be 4/(12/(-39))*-1. List the prime factors of g(z).
5
Let l(i) be the second derivative of i**4/12 - i**3/6 - i**2/2 - 7*i. Let y be (-1)/(-2*1/6). List the prime factors of l(y).
5
Let z(k) = 2*k - 6. Let t = -29 + 29. Let s be z(t). List the prime factors of (-4)/s + (-130)/(-30).
5
Suppose 5*m = 3*k + 16032, -2*m - k - 4001 = -10416. What are the prime factors of m?
3, 1069
Let a be (-1)/(-2)*(-2 + 6). Suppose 12*g - 6*g - 18 = 0. Suppose -g*t = -3 - 3, 5*p - a*t = 106. What are the prime factors of p?
2, 11
Suppose -12*n = -10*n - 14. Let z = -3 + n. Let u(g) = g**2 + 3*g + 2. What are the prime factors of u(z)?
2, 3, 5
What are the prime factors of 3 + 5 + -4 - (-294 - -2)?
2, 37
Let k = 1176 - 824. What are the prime factors of k?
2, 11
Let d = 136 - 122. Suppose -3*t + d = -10. List the prime factors of t.
2
Let c be (-248)/40 + (-1)/(-5). Let a be (0 + -5)*1*c. Suppose -3*n - 2*b + a = 2*n, 3*n - 18 = 2*b. List the prime factors of n.
2, 3
What are the prime factors of (-27)/(-9) + 30/1?
3, 11
What are the prime factors of (2 + -1)/(6/(-7380)*-1)?
2, 3, 5, 41
Let p = -365 + 533. What are the prime factors of p?
2, 3, 7
Let n(f) = -54*f + 137. What are the prime factors of n(-6)?
461
Let i(z) = -z**3 - 4*z**2. Let x be i(-4). List the prime factors of (-2 - x) + (-13)/(-1).
11
What are the prime factors of (-1032)/180*5*531/(-3)?
2, 43, 59
Let r be 3/(-12) + 309/4. Suppose -5*v = -3*b - 213, 0*b - 2*b = v - 53. Let k = r - v. List the prime factors of k.
2
Suppose -63*c + 92*c = 90219. What are the prime factors of c?
3, 17, 61
Let l(z) = -z**3 - z - 1. Let j be l(2). Suppose -3*d + 76 = 1. Let r = d + j. List the prime factors of r.
2, 7
Let w(g) = g**3 - 10*g**2 + 7*g + 8. Let a be w(11). Suppose 7*t = 2*t + b + a, -42 = -t + b. What are the prime factors of t?
41
Let s(t) = 3*t**2 - 12*t - 5. Suppose 2*u + 2*u = 24. What are the prime factors of s(u)?
31
Let t(z) = 5*z**2 - z. Let d(c) = -2*c**3 + c**2 - c + 2. Let n be d(2). Let i = n + 14. List the prime factors of t(i).
2, 3
Let o = 7 - 0. Let v(c) = -c**3 + 7*c**2 + c - 4. Let j be v(o). Suppose -j*z + 140 = 2*z. List the prime factors of z.
2, 7
Suppose -4*t = 3*k - 625, 2*k - 2*t - 103 = 295. Let o = k - 97. What are the prime factors of o?
2, 53
Let a(t) = t**3 + 5. Let u be a(2). Suppose -u*i = -6*i - 1043. What are the prime factors of i?
149
Let o(q) = 5*q + 61. What are the prime factors of o(-1)?
2, 7
Suppose 6*z - 3*z - 3*n = 6, 4*z + 3*n = 29. Let d(y) = 17*y + 4 - y**2 + 3 + z. List the prime factors of d(17).
2, 3
Let b be (2 + -5)/(-3) + 1. Suppose q + b = 6. Suppose 0 = -4*m - 6 - 6, -2*m = -q*f + 178. List the prime factors of f.
43
Let u(r) = -r**2 - 16*r - 24. Let c = 8 + -22. What are the prime factors of u(c)?
2
Let w(d) = 2*d - 33. Let q be w(4). Suppose 2*u + u - 129 = 0. Let h = u + q. What are the prime factors of h?
2, 3
Let h(i) = -i**3 + i**2 - i - 1. Let z(k) = 4*k**3 + k**2 + k + 11. Let n(m) = -2*h(m) - z(m). What are the prime factors of n(-4)?
67
Let p(z) = -z**3 + 9*z**2 + 14*z + 1. Let s be p(10). Suppose -s = -o + 28. What are the prime factors of o?
3, 23